{"id":5514,"date":"2015-12-20T10:52:53","date_gmt":"2015-12-20T09:52:53","guid":{"rendered":"http:\/\/www.jemielnica.opole.opoka.org.pl\/index.php\/galerie\/prace-konserwatorskie-2015\/"},"modified":"2019-02-21T00:34:51","modified_gmt":"2019-02-20T23:34:51","slug":"prace-konserwatorskie-2015","status":"publish","type":"page","link":"https:\/\/parafiapiotrowka.pl\/?page_id=5514","title":{"rendered":"Dla Ministrant\u00f3w"},"content":{"rendered":"<p style=\"text-align: center;\"><strong>S\u0142u\u017cba Liturgiczna w Parafii pw. Niepokalanego Pocz\u0119cia NMP w Piotr\u00f3wce.<\/strong><\/p>\n<p>Ministrant zajmuje uprzywilejowane miejsce podczas nabo\u017ce\u0144stw liturgicznych.&nbsp;<\/p>\n<p>Kto s\u0142u\u017cy do Mszy \u015awi\u0119tej, wyst\u0119puje publicznie we wsp\u00f3lnocie.<\/p>\n<p>Do\u015bwiadcza z bliska, \u017ce Jezus Chrystus jest obecny i dzia\u0142a w ka\u017cdym akcie liturgicznym.&nbsp;<\/p>\n<p><strong> Pozdrowienie ministranta:<\/strong><\/p>\n<p>&#8211; Kr\u00f3luj nam, Chryste!<\/p>\n<p>&#8211; Zawsze i wsz\u0119dzie!<\/p>\n<p><strong>Przyj\u0119cie do grona ministrant\u00f3w:<\/strong><\/p>\n<p>&#8211; po pierwszej komunii \u015bw.<\/p>\n<p>&#8211; ch\u0119\u0107 bycia ministrantem.<\/p>\n<p>&#8211; umi\u0142owanie s\u0142u\u017cby przy o\u0142tarzu Pa\u0144skim.<\/p>\n<p>&#8211; zgoda rodzic\u00f3w lub opiekun\u00f3w.<\/p>\n<p>&#8211; kandydatem prze okres minimum trzech miesi\u0119cy.<\/p>\n<p><strong>&#8211; przyj\u0119cie do grona ministrant\u00f3w w UROCZYSTO\u015a\u0106 JEZUSA CHRYSTUSA, KR\u00d3LA WSZECH\u015aWIATA. ( na mszy \u015bw. )<\/strong><\/p>\n<p><strong>Przyj\u0119cie do grupy Lektor\u00f3w :<\/strong><\/p>\n<p>&#8211; przechodz\u0105 starsi ministranci,<\/p>\n<p>&#8211; odpowiednie przygotowanie przez ks. proboszcza<\/p>\n<p>&#8211; ministrantem i lektorem mo\u017cna by\u0107 bez okre\u015blonych lat.<\/p>\n<p><strong>Ministranci podzieleni s\u0105 na grupy: A, B, C, D- co dzie\u0144 s\u0142u\u017cy inna grupa przy o\u0142tarzu.<\/strong><\/p>\n<p><strong>Spotkanie formacyjne dwa razy w miesi\u0105cu, oraz niezale\u017cnie od okoliczno\u015bci w parafii.<\/strong><\/p>\n<p><strong>Ministranci maj\u0105 dy\u017cury tygodniowe, przygotowuj\u0105 do Mszy \u015bw. i nabo\u017ce\u0144stw.<\/strong><\/p>\n<p><strong>Wszystkich ministrant\u00f3w i lektor\u00f3w jest 18 os\u00f3b.<\/strong><\/p>\n<p><strong>Ministranci i lektorzy uczestnicz\u0105&nbsp; w Katedrze Opolskiej w Mszy Krzy\u017cma. W tym dniu&nbsp; otrzymuj\u0105 DYPLOM UZNANIA z r\u0105k ksi\u0119dza Biskupa Ordynariusza za pi\u0119kn\u0105 s\u0142u\u017cb\u0119&nbsp; O\u0142tarza.<\/strong><\/p>\n<p>&nbsp;<\/p>\n","protected":false},"excerpt":{"rendered":"<p>S\u0142u\u017cba Liturgiczna w Parafii pw. Niepokalanego Pocz\u0119cia NMP w Piotr\u00f3wce. Ministrant zajmuje uprzywilejowane miejsce podczas nabo\u017ce\u0144stw liturgicznych.&nbsp; Kto s\u0142u\u017cy do Mszy \u015awi\u0119tej, wyst\u0119puje publicznie we wsp\u00f3lnocie. Do\u015bwiadcza z bliska, \u017ce Jezus Chrystus jest obecny i dzia\u0142a w ka\u017cdym akcie liturgicznym.&nbsp; Pozdrowienie ministranta: &#8211; Kr\u00f3luj nam, Chryste! &#8211; Zawsze i wsz\u0119dzie! Przyj\u0119cie do grona ministrant\u00f3w: &#8211; &#8230; <span class=\"more\"><a class=\"more-link\" href=\"https:\/\/parafiapiotrowka.pl\/?page_id=5514\">[Czytaj dalej&#8230;]<\/a><\/span><\/p>\n","protected":false},"author":1,"featured_media":0,"parent":0,"menu_order":0,"comment_status":"closed","ping_status":"closed","template":"","meta":{"ngg_post_thumbnail":0,"footnotes":""},"class_list":["entry","page","publish","author-proboszcz123","post-5514"],"_links":{"self":[{"href":"https:\/\/parafiapiotrowka.pl\/index.php?rest_route=\/wp\/v2\/pages\/5514","targetHints":{"allow":["GET"]}}],"collection":[{"href":"https:\/\/parafiapiotrowka.pl\/index.php?rest_route=\/wp\/v2\/pages"}],"about":[{"href":"https:\/\/parafiapiotrowka.pl\/index.php?rest_route=\/wp\/v2\/types\/page"}],"author":[{"embeddable":true,"href":"https:\/\/parafiapiotrowka.pl\/index.php?rest_route=\/wp\/v2\/users\/1"}],"replies":[{"embeddable":true,"href":"https:\/\/parafiapiotrowka.pl\/index.php?rest_route=%2Fwp%2Fv2%2Fcomments&post=5514"}],"version-history":[{"count":2,"href":"https:\/\/parafiapiotrowka.pl\/index.php?rest_route=\/wp\/v2\/pages\/5514\/revisions"}],"predecessor-version":[{"id":12927,"href":"https:\/\/parafiapiotrowka.pl\/index.php?rest_route=\/wp\/v2\/pages\/5514\/revisions\/12927"}],"wp:attachment":[{"href":"https:\/\/parafiapiotrowka.pl\/index.php?rest_route=%2Fwp%2Fv2%2Fmedia&parent=5514"}],"curies":[{"name":"wp","href":"https:\/\/api.w.org\/{rel}","templated":true}]}}

Dla Ministrantów

<p style="text-align: center;"><strong>Służba Liturgiczna w Parafii pw. Niepokalanego Poczęcia NMP w Piotrówce.</strong></p>
<p>Ministrant zajmuje uprzywilejowane miejsce podczas nabożeństw liturgicznych.&nbsp;</p>
<p>Kto służy do Mszy Świętej, występuje publicznie we wspólnocie.</p>
<p>Doświadcza z bliska, że Jezus Chrystus jest obecny i działa w każdym akcie liturgicznym.&nbsp;</p>
<p><strong> Pozdrowienie ministranta:</strong></p>
<p>&#8211; Króluj nam, Chryste!</p>
<p>&#8211; Zawsze i wszędzie!</p>
<p><strong>Przyjęcie do grona ministrantów:</strong></p>
<p>&#8211; po pierwszej komunii św.</p>
<p>&#8211; chęć bycia ministrantem.</p>
<p>&#8211; umiłowanie służby przy ołtarzu Pańskim.</p>
<p>&#8211; zgoda rodziców lub opiekunów.</p>
<p>&#8211; kandydatem prze okres minimum trzech miesięcy.</p>
<p><strong>&#8211; przyjęcie do grona ministrantów w UROCZYSTOŚĆ JEZUSA CHRYSTUSA, KRÓLA WSZECHŚWIATA. ( na mszy św. )</strong></p>
<p><strong>Przyjęcie do grupy Lektorów :</strong></p>
<p>&#8211; przechodzą starsi ministranci,</p>
<p>&#8211; odpowiednie przygotowanie przez ks. proboszcza</p>
<p>&#8211; ministrantem i lektorem można być bez określonych lat.</p>
<p><strong>Ministranci podzieleni są na grupy: A, B, C, D- co dzień służy inna grupa przy ołtarzu.</strong></p>
<p><strong>Spotkanie formacyjne dwa razy w miesiącu, oraz niezależnie od okoliczności w parafii.</strong></p>
<p><strong>Ministranci mają dyżury tygodniowe, przygotowują do Mszy św. i nabożeństw.</strong></p>
<p><strong>Wszystkich ministrantów i lektorów jest 18 osób.</strong></p>
<p><strong>Ministranci i lektorzy uczestniczą&nbsp; w Katedrze Opolskiej w Mszy Krzyżma. W tym dniu&nbsp; otrzymują DYPLOM UZNANIA z rąk księdza Biskupa Ordynariusza za piękną służbę&nbsp; Ołtarza.</strong></p>
<p>&nbsp;</p>

<p>Służba Liturgiczna w Parafii pw. Niepokalanego Poczęcia NMP w Piotrówce. Ministrant zajmuje uprzywilejowane miejsce podczas nabożeństw liturgicznych.&nbsp; Kto służy do Mszy Świętej, występuje publicznie we wspólnocie. Doświadcza z bliska, że Jezus Chrystus jest obecny i działa w każdym akcie liturgicznym.&nbsp; Pozdrowienie ministranta: &#8211; Króluj nam, Chryste! &#8211; Zawsze i wszędzie! Przyjęcie do grona ministrantów: &#8211; &#8230; <span class="more"><a class="more-link" href="https://parafiapiotrowka.pl/?page_id=5514">[Czytaj dalej&#8230;]</a></span></p>
